.
10
Let h(o) = -6*o - 3. Let k be h(-1). Let g(u) be the first derivative of -3 + 1/4*u**4 - u**k - 1/2*u**2 - 3*u. Determine g(3).
-6
Let q(u) = -u. Let t(c) = 2. Let b(a) = q(a) - t(a). Let r(l) = 2 + 1 + 3 - l. Let s be r(6). What is b(s)?
-2
Let u(t) = -t - 2*t + 2*t - 5 + 2. Determine u(-5).
2
Suppose 32 = -3*f - 4*v, -v + 17 = -2*f + 3. Let n = f - -2. Let r(p) = -p**2 - 5*p + 4. What is r(n)?
-2
Suppose 0 = 5*v + 5*i + 20, 4*v = -5*i - 2 - 14. Let s be (-3)/12 + (-50)/(-8). Let z(o) = -3 - 5*o + s*o + 2 + 4*o + o**2. What is z(v)?
-5
Let h(a) = -17 + 0*a + 2*a + 3*a**3 - 4*a**3 + 16. Give h(-2).
3
Suppose 4*v = -2 - 2. Let x(u) be the second derivative of u**5/60 + u**4/8 + u**3/6 - u**2/2 + u. Let h(f) be the first derivative of x(f). Give h(v).
-1
Let a(f) = 1. Let r(j) be the third derivative of j**4/24 + 7*j**3/6 + 6*j**2. Let o(v) = -3*a(v) - r(v). What is o(-9)?
-1
Let x(o) = o**2 - 4*o + 3. Let w(r) = r - 4. Let b be w(-6). Let n be (-1)/5 + (-42)/b. Give x(n).
3
Let b(q) = -q - 3. Let o be b(-5). Let i(v) = -v. Let x(w) = -w + 2. Let c(d) = o*i(d) + x(d). Determine c(-2).
8
Let z(r) be the second derivative of -r**5/20 + r**4/3 + 7*r**3/6 - 3*r**2 + 2*r. Let c(o) = o**2 - 5*o + 5. Let l = 10 - 5. Let q be c(l). Calculate z(q).
4
Let o(h) = 7*h - 479 + 479. What is o(1)?
7
Let a(r) = -r**2 + 3*r - 2. Suppose 0 = -q - 4 - 0. Let y = 8 + q. Suppose 0 = y*p + 3*o + o - 12, 0 = -4*p - o + 15. Calculate a(p).
-6
Let o(y) = -7 + y + y + y - 2*y. Suppose -4*w - 3*k + 17 = 0, -4*w + 28 - 9 = k. What is o(w)?
-2
Let q(h) = -h**3 + 2*h**2 - 6*h - 4. Let a(o) = 3*o**3 - 5*o**2 + 17*o + 11. Let k(p) = -6*a(p) - 17*q(p). What is k(-4)?
2
Let y(o) be the second derivative of o**3/6 + o**2/2 - 9*o. Calculate y(-3).
-2
Suppose -2 = -u - 0. Suppose 4*c - 12 - 8 = 0. Let o(m) = m - 4 + c - m**u + 5. Give o(0).
6
Let h be (1 - (-1 + 3)) + 6. Let s(o) = 2*o - 8. Let u be s(7). Let a(w) = -w**2 + 2*w**2 - 5*w - u + 0*w**2 + 1. Give a(h).
-5
Let l(y) be the second derivative of 4*y + 0 - 1/6*y**3 + 5/2*y**2. Give l(7).
-2
Let w = -1 + -1. Let c(h) = h**2 - 2*h - 2. Determine c(w).
6
Let b(v) = 0*v**2 + 5*v**2 - 2*v + v**2 - 2*v + 3 - v**3. Determine b(5).
8
Let t(d) = -2*d**2 - 14*d - 19. Let c(k) = k**2 + 7*k + 9. Let x(n) = -5*c(n) - 2*t(n). Determine x(-7).
-7
Let v(w) = -w**3 - 3*w**2 - 3*w - 3. Let l(q) = q**2 - q + 2. Let h be l(0). Suppose h*j = -j - 24. Let m = 5 + j. Give v(m).
6
Let t(j) = 14*j - 8. Let c(d) = 5*d - 3. Let z(u) = -11*c(u) + 4*t(u). Calculate z(-1).
0
Let q(d) = -d**3 + d**2 + 4*d + 2*d**2 - 4*d**2 - 3. Let t(l) = -3*l**2 + 5*l - 1. Let f(s) = s. Let w(a) = 3*f(a) - t(a). Let y be w(1). Determine q(y).
-7
Suppose 3*h = 2 + 1. Let f(s) = 6*s**2. Give f(h).
6
Let o be (3 - 1)/((-5)/(-10)). Let m(c) = -c**2 + 4*c. Determine m(o).
0
Let n(x) be the second derivative of -1/6*x**3 + 0 - 5/12*x**4 - 7*x + 0*x**2. What is n(1)?
-6
Suppose -n = -4*h - 29 + 3, 4*h = -2*n - 20. Let l(d) = d**2 + 5*d - 3. Determine l(h).
3
Let w(q) = -4*q**2 + q**2 - 1 + 4*q**2 + q. Let o be w(2). Let v(f) = f**3 + f - 1. Let j(d) = 6*d**3 + d**2 + 4*d - 4. Let x(s) = o*v(s) - j(s). Give x(2).
-11
Let r(k) = -4*k + 4. Let f be (-4)/(15/9 + -3). Calculate r(f).
-8
Let m(o) = -2. Let d(j) = -j + 1. Let r(h) = 4*d(h) + 2*m(h). Suppose 2*p = -4*f - 2, p + 3*f + 0*f = 0. Give r(p).
12
Suppose 0 = -7*s + 6*s + 3. Let c(f) be the third derivative of 0*f - 5/24*f**4 + 0 + 1/60*f**5 + f**2 - 1/2*f**s. Give c(5).
-3
Let s(z) = -3*z - 3*z - 1 + 2*z - z**2. Let h be s(-3). Let q(x) = 3*x**3 + x + 2 - 2*x**2 - 2*x**3 - x**2. Determine q(h).
0
Let m(y) = -2*y - 7. Suppose 5*a - 9 = -49. Determine m(a).
9
Let u(v) = v - 1. Let k(p) = p**3 + 15*p**2 + p + 15. Let f be k(-15). Suppose -2*t = 2*g - 4, f = -t - 4*t + 4*g + 10. Give u(t).
1
Let u(h) = 4*h - 1. Let b be u(1). Let r(j) = -j**2 + 5*j - 2. Give r(b).
4
Let f(h) be the second derivative of 0 + 1/12*h**4 - 1/6*h**3 - 1/2*h**2 - h. Determine f(3).
5
Let s be ((-9)/(-9))/(1*-1). Let h(f) = -6*f**2 - 2*f - 1. What is h(s)?
-5
Let u(l) = -2*l + 344*l**2 - 3*l - 348*l**2 + l**3 - 3. Calculate u(5).
-3
Let q(m) = m**3 - m**2 + 2*m. Let z = 16 - 14. Give q(z).
8
Let s = 21 - 20. Let u(y) = -17*y**2 - y + 1. Calculate u(s).
-17
Let y(s) = 3 + 9*s + s**2 - 4 + 9. Calculate y(-7).
-6
Let m be (-6 + 0/1)/1. Let p(d) = -d**3 - 7*d**2 - 8*d - 1. Determine p(m).
11
Let n(p) = 2*p - 2. Let a be n(9). Suppose 0 = 5*i - a - 9. Let m(u) = -2 - 3*u**2 + 0*u**2 + 2*u**2 + i*u. Calculate m(5).
-2
Let l be (-1)/3 - 4/(-12). Let w(j) = -2*j**3 + 5*j + 2 + j**3 + l*j - 3*j**2. What is w(-4)?
-2
Suppose 6 = 2*h - 0*h. Let j(q) = 2*q - 5. Let g be j(4). Let d(i) = -7*i - 1 - g - 2 + 8*i. Determine d(h).
-3
Let f = -5 + 10. Let x(k) be the third derivative of k**5/60 - k**4/24 - k**3 - 5*k**2. Give x(f).
14
Suppose 7*q - 3*q - i = -115, 5*q + 131 = -3*i. Let w be (4/14)/((-4)/q). Suppose -t = -0*t + w. Let r(s) = s**3 + 2*s**2 - s - 1. Calculate r(t).
1
Let n = 1 - -2. Let d(k) be the second derivative of 1/12*k**4 - k**3 + 0 + 1/2*k**2 + 4*k. Determine d(n).
-8
Let o(g) = -g**2 - g - 1. Let h(y) = 5*y**3 - 7*y**2 - 7*y - 6. Let a(p) = 5*p. Let m be a(-1). Let n(i) = m*o(i) + h(i). What is n(-1)?
-6
Let p(y) = -y**2 - 2*y - 3. Let q = -6 + 10. Let h = 18 + -11. Suppose h = -q*a - 1. Give p(a).
-3
Let w(j) = -2*j**3 + 7*j - 1 + 18*j**3 - j**2 - 10*j + 5*j. What is w(1)?
16
Let h(a) = -3*a**3 + 1. Let k be (-4)/(-2) - (5 - 2). Give h(k).
4
Suppose 3*r = 2*r + 3. Let n(x) = 5*x**2 + 4*x - x**r - 4 - 4*x + 9. Calculate n(5).
5
Let j(o) = 0 + 1 - o + 0. Suppose -1 + 7 = 6*h. Calculate j(h).
0
Let d(q) = -9*q**2 - 6*q + 3. Let s(i) = 14*i**2 + 9*i - 4. Let h(j) = 8*d(j) + 5*s(j). Let u be (-1)/(-2) + (-14)/4. Determine h(u).
-5
Let k(m) = 1 + 3909*m**2 + 4 - 7*m - 3910*m**2. What is k(-7)?
5
Let m(i) be the third derivative of i**4/4 + 2*i**3/3 + 3*i**2. Determine m(-4).
-20
Suppose 33*u + 28 = 37*u. Let w(m) = -m + 10. What is w(u)?
3
Let s(o) = -o**3 + 7*o**2 - 6*o + 4. Let n(b) = -b**3 + 8*b**2 - 6*b + 5. Let r(z) = -2*n(z) + 3*s(z). What is r(4)?
-6
Let g(m) = -m**2 - 8*m - 2. Let p(s) be the third derivative of -s**4/24 - 7*s**3/6 + 2*s**2. Let c be p(0). What is g(c)?
5
Let d(r) = r - 6 + 5*r**3 + 8*r**2 + r**3 - 7*r**3. Determine d(8).
2
Suppose -5 + 17 = -4*y. Let f(i) = 0 - 2*i**3 + 2*i**3 + i**3 + 5*i + 5*i**2 + 2. What is f(y)?
5
Let k(r) = -2*r**2 + 2*r - 1. Let z(i) = -i**2 - i + 1. Let o(q) = -k(q) - 2*z(q). Let l(a) = -a**2 + 2*a. Let v be l(1). What is o(v)?
3
Let b(k) = 1. Let d(p) = p - 7. Let y be 1 + -1 + (-2)/1. Let v(a) = y*b(a) + d(a). Calculate v(5).
-4
Suppose -2*w = -0*u - 3*u + 50, -4*w - 36 = -2*u. Let r(x) = u*x + 17*x - 28*x - 1. Calculate r(-1).
-6
Let x(c) be the third derivative of -c**9/60480 + c**8/20160 + c**7/2520 + c**6/720 + c**5/30 + 4*c**2. Let k(g) be the third derivative of x(g). Give k(-1).
1
Let g = -3 + 3. Suppose -h - 2*k = 3*h + 8, g = -4*h - 5*k - 20. Let b(f) = -3 - 2*f + 3*f - 2*f - f**3. Calculate b(h).
-3
Suppose -2*k + 22 = 3*n + 3*k, -n = -2*k. Suppose m + 5 = 4*g, -n*g + 1 - 2 = 5*m. Let o(f) = 11*f. Calculate o(m).
-11
Let j(r) be the third derivative of -r**6/120 - r**5/15 + r**4/3 + r**3 - r**2. Let b(v) = -7*v - 47. Let u be b(-6). Determine j(u).
-9
Suppose -p - 2*p = 0. Let d(q) = -3*q**3 + p*q + 3*q - q + 0 - 1. What is d(1)?
-2
Let j(u) = 5*u + 4. Let s be 9 + (-15)/5 - (-12)/(-4). What is j(s)?
19
Let b(o) = -o**2 - 3*o - 3. Let w(r) = -r**2 + 7*r + 3. Let j be w(7). Suppose -3*k + 1 + 0 = -5*g, k - j*g - 3 = 0. Give b(k).
-3
Let a(g) = -3*g - 3. Suppose 2*b - 4*b = -5*s + 21, 0 = -2*b - s + 9. Let z = -4 + b. Determine a(z).
3
Suppose 2*p = 3*v - 1 - 1, 2*p = 5*v + 2. Let t be ((7 - 3)*-1)/v. Let a(y) = 1 - t + 3 - 1 - y. Determine a(-4).
5
Let l(v) be the first derivative of v**2/2 - 2*v - 13. Determine l(5).
3
Let r(m) = m**2 - 4*m - 10. Let y be r(7). Let x(l) = 5 + 4*l - y + 6*l**2 + 0*l - l**3 - 6*l. Calculate x(5).
9
Let q(g) = 2*g + 2 + 0 - 4 + 1. Calculate q(1).
1
Let g(l) be the second derivative of 0*l**2 - 3*l + 1/360*l**6 - 1/3*l**3 + 0 + 0*l**5 - 1/6*l**4. Let m(o) be the second derivative of g(o). Calculate m(0).
-4
Suppose -k = -4*k - 3*p - 3, -5*k + 27 = -3*p